 2)) + -3
7
Calculate 15 + -12 - (7 - -4).
-8
What is (5 - 0) + (14 - 11) + -9?
-1
Calculate -5 + (1 + -5 - 1).
-10
What is 5 + (-7 - 4) - -14?
8
Evaluate -1 - (-1 - 4) - (7 + -2).
-1
Evaluate (-3 - (-5 + -2)) + 2.
6
9 + -5 + 5 - (3 - -1)
5
What is the value of 6 - (-5 + 10 + -5 - -5)?
1
What is 0 + -2 + 3 + 0 + 2?
3
What is -5 + (-4 - (0 + -11))?
2
Evaluate (-3 - 0) + 0 - -1.
-2
What is 0 + (-3 - 0 - 0)?
-3
8 + (0 - 7) + 3
4
5 - 0 - (-1 - (-1 + -4))
1
0 + 4 + 3 + -4
3
Evaluate -1 - (-2 - (-3 + 5 + -2)).
1
What is -3 - (-21 - -9 - -15)?
-6
What is -214 + 199 - (-11 - 0)?
-4
Evaluate 2 + 3 + -2 - 2.
1
Calculate -5 + 2 + (5 - 4).
-2
Calculate (1 - 10) + 0 - (-18 - -14).
-5
Evaluate (7 - 7) + (-2 - -2).
0
Calculate (6 - 1) + -5 - (1 - -1).
-2
Evaluate -4 + (1 - (0 - 4)).
1
Evaluate 2 - ((-2 - (3 + -1)) + 2).
4
What is the value of (1 - 3) + 1 + -3 + 3?
-1
-3 + (6 - 8) - -5
0
Calculate -3 - (3 - 8) - 12.
-10
What is 3 - (5 - 6 - -5)?
-1
Calculate 3 + 6 + 1 + -5.
5
Evaluate -16 + 14 + -2 + -1.
-5
Calculate 0 + 5 + (-32 - -22).
-5
What is the value of -9 + 0 - (-2 + -3)?
-4
What is the value of 2 - 10 - (-14 + 8)?
-2
What is the value of 4 + (0 - (8 + -14))?
10
What is 7 - (19 + -8 + -10)?
6
What is 9 - (3 - 8 - -11)?
3
-7 + 4 + 3 - -2
2
What is 1 - -2 - (5 + -2) - 1?
-1
What is the value of -1 - (-4 + 7) - (0 - -1)?
-5
Calculate (0 - 3) + (-21 + 9 - -21).
6
What is -9 - -6 - (5 + -2) - 2?
-8
Evaluate -9 + 5 + 2 + -3 - 0.
-5
Evaluate 0 - -3 - (2 + 3 + -4).
2
What is the value of 15 - 19 - (3 - 11) - -6?
10
What is the value of (-7 + 1 + -4 - -5) + 0?
-5
3 + (-8 - 1) + 1
-5
Calculate 9 + -18 - -4 - (0 + -3).
-2
Calculate -17 + 15 + 3 + 1 - 2.
0
What is 1 + 5 - (-17 - -24)?
-1
What is 2 - (4 + -4 + 1)?
1
What is -1 - (-8 - -9 - (11 + -3))?
6
-12 - -2 - (8 + -6 + -4)
-8
What is the value of (7 + 2 + -7 - -5) + -17?
-10
Calculate -1 + 0 + (37 - 39).
-3
What is the value of (0 - -3 - 7) + 3 + -1?
-2
4 - 0 - (-2 + 11 + -6)
1
Evaluate (-5 - -15) + -4 + -8.
-2
Calculate 3 + (-4 - -2) + -6 - -4.
-1
What is (-4 - (-1 - -1)) + (-47 - -47)?
-4
Evaluate -25 + 4 + 4 - -13.
-4
Calculate 3 + (-1 + 3 - 0).
5
0 + -4 + (6 - (5 - 8))
5
2 + (3 + 1 - 1)
5
Evaluate 4 + -8 + (0 - -3) + 0.
-1
What is the value of 0 - (-1 + 3 + -1) - -1?
0
Evaluate 63 - 58 - (0 + 3 + -3).
5
7 - (9 + -7 - -6)
-1
1 + (3 - 3) + 2 + 1
4
Calculate -3 - (5 - 5) - (7 - 5).
-5
-4 - (6 + (-4 - 3))
-3
Calculate (9 - 11) + (-2 - -2) + -6.
-8
Calculate -31 + 32 - (6 + 3 - 0).
-8
Calculate 0 + 1 + -6 + 6 + -1.
0
Calculate 4 + 0 + 3 + -11.
-4
Calculate -4 - (-4 + (3 - 0) + -2).
-1
What is -2 + 5 - 0 - (1 - 1)?
3
What is the value of -4 + 2 + 2 - 3?
-3
What is (3 - -4 - 3) + -2?
2
What is 175 + -165 + -4 + -4 + 2?
4
Evaluate 4 - (-1 + -5 + -4 + 8).
6
Calculate 5 + -8 - ((-3 - 0) + -1).
1
Evaluate 4 + -3 + (-1 - (-4 - -4)).
0
Evaluate -1 + 4 - (3 + (-1 - -4)).
-3
Calculate -11 + (11 - 5) + -1 + 7.
1
What is -4 + 0 - (60 - 58)?
-6
Evaluate 4 - (6 + -10 - -13).
-5
Calculate -6 + (2 - 2) + 3.
-3
Evaluate -4 + (6 - 0 - 5).
-3
Evaluate -6 - (-10 - (3 + -2)).
5
Calculate 8 - (-3 + 7) - 7.
-3
What is the value of 6 - -1 - 5 - (3 - -2)?
-3
Evaluate -4 - (-4 - -7 - 12).
5
Evaluate -6 - (-1 - (4 + 6)).
5
What is the value of (24 + -11 - 11) + 2 + -1?
3
2 - ((3 - -2) + -4) - -1
2
What is -5 + -1 + 0 + 14 + -14?
-6
What is -6 + (6 - (4 + 0))?
-4
9 + -3 + 1 + -4
3
What is 106 + -105 - (2 + 0 + 1)?
-2
Calculate 0 + 0 - (9 + -9).
0
(-11 - -1) + 5 + 5 - 6
-6
Calculate (11 - (1 + (8 - 2))) + 6.
10
Calculate -1 - 0 - (-34 - -31).
2
What is the value of 5 + (-13 - 10) + 11?
-7
What is the value of (-2 - -2) + (38 - 42)?
-4
Evaluate 3 - (4 + (-5 - (-11 - -5))).
-2
-4 + -3 + 4 + 1 - 2
-4
What is the value of 9 - (-1 + 14) - -2?
-2
What is -2 + -3 - (-9 - 0) - 4?
0
What is 1 + (-5 - (1 + -2)) - -7?
4
What is -1 + (-3 - (2 - 5 - -5))?
-6
What is the value of -2 - (11 - 6 - 3)?
-4
What is (1 - 1) + (-13 - -8)?
-5
Calculate -7 + 0 - (74 - 79).
-2
Calculate 1 + 3 - (-1 - -8).
-3
Calculate -3 + 2 + (-9 - -5).
-5
Calculate -2 + -1 + (4 - 5).
-4
2 + -5 + 6 + -5
-2
What is 0 + 0 + -1 + (2 - 1)?
0
What is 3 + (-3 - 0 - (-13 - -11))?
2
Calculate 5 + 2 - (-19 + 24).
2
What is the value of 1 - (-6 - ((1 - -5) + -5))?
8
(1 - 2) + (-7 - -9)
1
Calculate 13 + -6 + 13 + -27.
-7
Evaluate 4 + (-4 + 1 - (3 - 5)).
3
What is -2 + ((-2 - 0) + 1 - 2)?
-5
Evaluate (-1 - -6) + (-16 - -7 - -3).
-1
Calculate -3 + 18 + -9 + -4.
2
What is the value of 6 + 0 + 11 + -22?
-5
Calculate 7 - (5 + 1 - -6).
-5
What is 7 + 2 - (16 - 4)?
-3
(-2 - -2) + -1 - (-7 + 4)
2
What is the value of -3 - -1 - (-3 - (0 + -6))?
-5
-3 + (7 - -1) + -10 + 2
-3
Evaluate (0 - (-7 - -3) - 3) + -3.
-2
Calculate -5 + (2 + 1 - (-4 - -7)).
-5
Calculate -6 + (7 - (5 + -2)).
-2
Evaluate (-6 - 2) + (3 - (-5 + 3)).
-3
(73 - 62) + -17 + 0
-6
(-7 - -6) + 10 - 3
6
What is the value of -3 + (-5 - (2 + -7) - -1)?
-2
What is the value of 1 + -6 - (-5 + -3)?
3
What is the value of 2 - (9 - (-3 + 11 + -6))?
-5
Evaluate -5 - ((4 + -6 - 1) + 2).
-4
What is the value of -8 - (0 + (0 - 4))?
-4
What is (0 + 4 - 4) + (1 - 0)?
1
Calculate 4 + (-14 - -9) + 0.
-1
What is the value of -1 + (-1 - -4) + (0 - 5)?
-3
Calculate 3 + (-15 + 13 - -9).
10
What is 2 + (-2 - (-5 + 6))?
-1
6 - -1 - (13 - (3 - -6))
3
Calculate 5 + -6 + (-4 - -4).
-1
What is the value of (14 - 2) + -11 + 6?
7
Evaluate (7 - (0 + (-3 - -4))) + -4.
2
Calculate -6 - -16 - (-1 - (0 + -2)).
9
Calculate 2 + 4 - -5 - (-3 + 6).
8
Calculate 4 - (4 + -4 - -4 - 2).
2
What is 15 - (-22 + 30 + (1 - 2))?
8
(0 + -1 - -3) + 36 + -39
-1
What is the value of -3 + (4 + -4 - 2)?
-5
Calculate (-5 + 9 - (1 - 0)) + -9.
-6
Evaluate -2 + 0 + (-1 - (1 + -3)).
-1
What is the value of 3 + -1 + 3 - (-89 - -96)?
-2
What is 7 - (12 + 0 + (-15 - -16))?
-6
Evaluate 6 + (9 - 10) + -3.
2
Calculate 0 + (-1 - (-2 + -6 + 3)).
4
What is 8 + (7 - -4 - 30)?
-11
Calculate (8 - 4) + 3 + -9 - -3.
1
What is the value of -2 - (5 + -3 + -2 - 6)?
4
Calculate -110 + 121 - (13 - 0).
-2
Evaluate (32 - 31) + -6 + 0.
-5
(-1 + -2 - 0) + 12 + -8
1
Evaluate (-1 - -2 - 5) + 9.
5
What is the value of (2 - -2 - 4) + -4?
-4
(-1 - 1) + 9 + 1 + -3
5
Evaluate 1 - (-8 + (-12 - -26)).
-5
Evaluate -2 - (0 - -2) - (12 - 16).
0
What is the value of -1 + 11 + 2 + -7?
5
What is the value of 0 + 2 - 3 - (3 - -1)?
-5
Evaluate -1 - (-14 + 7 - -5).
1
Calculate 2 - (7 + 2) - -13.
6
Calculate -1 + -4 + 3 + 2.
0
Calculate 3 + -1 + -5 + 7.
4
What is the value of -1 + (5 - 0) - -2?
6
What is the value of (-2 - (-5 + (2 - 0))) + 4?
5
Evaluate -7 + -1 - (-4 - -1).
-5
What is the value of -19 + 16 - (-1 + -4) - 2?
0
What is the value of (-4 - 5) + 0 - (-3 + 1)?
-7
-1 - -3 - (-10 - (-6 + -6))
0
-7 - (20 - 22) - (1 + -6)
0
What is the value of -3 + 0 + 4 + -3?
-2
Evaluate -25 + 15 - (-1 + -6).
-3
What is 3 + -6 - (-9 + 2 + 5)?
-1
What is the value of 4 - (19 + -6 - 4)?
-5
What is 1 + -2 - 1 - -7?
5
What is 2 + (-7 + 2 - (13 - 6))?
-10
What is -8 - (-12 + -1 - -9)?
-4
What is the value of 12 + (-12 - -1) - (2 + 1)?
-2
2 - (-5 + 0 + 0) - 3
4
Calculate (-4 - -4) + (6 - 1) - 1.
4
What is the value of -1 + 8 + (28 - 35)?
0
-2 - -1 - (0 + -5)
4
What is the value of (-5 - -8) + (-1 - 2) - -3?
3
8 + -11 - (-4 + -3 - -2)
2
Evaluate -18 + (-5 - -8) + 8.
-7
0 - (0 + (-5 - -3 - -8))
-6
What is 0 + 5 - ((10 - -3) + -11)?
3
Evaluate -36 - -27 - (-17 - 1).
9
What is -4 - (-2 - 0) - -3?
1
What is -2 - 2 - 0 - (2 - 9)?
3
Evaluate -3 + 6 + -9 - -2 - -9.
5
What is 13 - 15 - (-1 + 5 + -1)?
-5
(-2 + 8 - -4) + -5
5
What is the value of 4 + 1 + -2 - (-1 - -3)?
1
What is the value of 1 + 5 + (-22 - -21)?
5
What is (-1 - 0) + -1 + 4 - -2?
4
Evaluate 9 - (-1 + -1 + (0 - -3)).
8
3 - 0 - (-1 - -5)
-1
Calculate -6 + 1 - (-145 + 147).
-7
What is -4 - (2 + -4) - 3?
-5
What is the value of -6 + (1 - (-11 + 6))?
0
Calculate -9 + (5 - -8 - -1).
5
What is the value of 2 - ((-5 - -3) + 2 + -2)?
4
Calculate -1 + -1 + 0 + 1 + 6.
5
Calculate -2 + -3 - (4 + -3 - 13).
7
What is -12 + 17 - 2 - (-1 + 8)?
-4
What is the value of -1 + 2 - (-2 + 8)?
-5
Calculate -3 - (11 + -15 - (-2 - 3)).
-4
-8 + (11 - 5) + -3
-5
7 + 6 + -11 + -7
-5
What is the value of -4 + -3 + 0 + 4?
-3
10 - 1 - (-7 + 12)
4
Calculate (5 - 4 - 0) + 7 + -14.
-6
What is 6 + -20 - (-1 - 8)?
-5
Evalu